{"id":259,"date":"2020-12-07T18:11:13","date_gmt":"2020-12-07T17:11:13","guid":{"rendered":"http:\/\/unebonnemassesolaire.fr\/?post_type=portfolio&#038;p=259"},"modified":"2024-12-04T09:07:04","modified_gmt":"2024-12-04T08:07:04","slug":"performance-avec-objet","status":"publish","type":"portfolio","link":"https:\/\/unebonnemassesolaire.fr\/?portfolio=performance-avec-objet","title":{"rendered":"performance, avec objet"},"content":{"rendered":"<p><img class=\"size-medium wp-image-323 aligncenter\" src=\"http:\/\/unebonnemassesolaire.fr\/wp-content\/uploads\/2021\/09\/ubms-pao-besancon.jpg\" alt=\"\" width=\"700\" srcset=\"https:\/\/unebonnemassesolaire.fr\/wp-content\/uploads\/2021\/09\/ubms-pao-besancon.jpg 1920w, https:\/\/unebonnemassesolaire.fr\/wp-content\/uploads\/2021\/09\/ubms-pao-besancon-300x200.jpg 300w, https:\/\/unebonnemassesolaire.fr\/wp-content\/uploads\/2021\/09\/ubms-pao-besancon-768x512.jpg 768w, https:\/\/unebonnemassesolaire.fr\/wp-content\/uploads\/2021\/09\/ubms-pao-besancon-1024x683.jpg 1024w, https:\/\/unebonnemassesolaire.fr\/wp-content\/uploads\/2021\/09\/ubms-pao-besancon-738x492.jpg 738w, https:\/\/unebonnemassesolaire.fr\/wp-content\/uploads\/2021\/09\/ubms-pao-besancon-1458x972.jpg 1458w, https:\/\/unebonnemassesolaire.fr\/wp-content\/uploads\/2021\/09\/ubms-pao-besancon-996x664.jpg 996w\" sizes=\"(max-width: 1920px) 100vw, 1920px\" \/><\/p>\n<p><em>A l\u2019automne 2020, le festival <\/em>Entre cour et jardins<em>, port\u00e9 par le Dancing\/CDCN de Dijon, a invit\u00e9 <\/em>une bonne masse solaire<em> \u00e0 travailler \u00e0 Salins-les-Bains, Poligny et Arbois, au c\u0153ur du Jura. Pour ces trois week-ends de festival, Ambre Lacroix et Kaspar Tainturier-Fink travaillent \u00e0 dessiner les programmes du festival et proposent des performances lors de chaque week-end.<\/em><\/p>\n<p>Nous travaillons avec les paysages, les faits et les histoires qui les fa\u00e7onnent ; nous travaillons avec la marche, les gestes et les parcours que nous tra\u00e7ons dans les paysages et les histoires. Et ici, nous travaillons \u00e0 partir des hirondelles, de la divination et des lichens, de l\u2019hydrographie, du conte et de la description, de la g\u00e9ologie calcaire et de l\u2019amn\u00e9sie \u00e9cologique, de la fatigue, de la production, et des gestes. Nous voulons \u00eatre durant ce mois de r\u00e9sidence deux invit\u00e9s de passages, au contact des mouvements du paysage, traversant et travers\u00e9s par les rythmes et les motifs qui composent le Jura. A partir de nos relev\u00e9s et de nos observations, d\u2019entretiens et d\u2019exp\u00e9rimentations, nous construisons des performances comme des tentatives de restituer ces mouvements du monde : trois moments de r\u00e9cits, entre art et observation naturaliste, entre conte et description, entre fiction et immersion dans le paysage.<\/p>\n<p><em>Performance, avec objet<\/em> est un objet fait pour recueillir des r\u00e9cits et des histoires, une cartographie ouverte destin\u00e9e \u00e0 \u00eatre manipul\u00e9e. Le r\u00e9seau hydrographique du Jura &#8211; rivi\u00e8res, lac, ruisseaux, canaux &#8211; est brod\u00e9 au long des trois semaines de r\u00e9sidence sur un drap. Reparcourant cette carte souple, nous d\u00e9crivons le paysage \u00e0 partir de ces lignes et de celles, invisibles, qui l&rsquo;ont cr\u00e9\u00e9 et le trame.<\/p>\n<p>Avec : Ambre Lacroix &amp; Kaspar Tainturier-Fink<br \/>\nProduction : Le Dancing\/CDCN de Dijon, Les 2 Sc\u00e8nes\/Sc\u00e8ne Nationale de Besan\u00e7on et le soutien de la DRAC Bourgogne-Franche-Comt\u00e9.<br \/>\nRemerciements : le Dancing et les b\u00e9n\u00e9voles du spectacle Entre cour et jardins, Valentin Kottelat, Michel Campy, Pascal Collin &amp; les Claquets.<\/p>\n<p><a href=\"http:\/\/unebonnemassesolaire.fr\/wp-content\/uploads\/2023\/03\/DA-performance-avec-objet.pdf\">Dossier artistique <em>performance, avec objet<\/em><\/a><\/p>\n<p>Cette r\u00e9sidence et les performances du festival font partie du cycle <em>recommencer &amp; parcourir &amp; tresser &amp; tendre &amp; recueillir &amp; disposer &amp; tendre &amp; animer &amp; recommencer<\/em>.<\/p>\n<p><em>Cr\u00e9dit photos CDN de Besan\u00e7on : \u00a9 Lin Delpierre<\/em><\/p>\n<div id='gallery-1' class='gallery galleryid-259 gallery-columns-3 gallery-size-medium'><figure class='gallery-item'>\n\t\t\t<div class='gallery-icon landscape'>\n\t\t\t\t<a href='https:\/\/unebonnemassesolaire.fr\/?attachment_id=372'><img width=\"300\" height=\"200\" src=\"https:\/\/unebonnemassesolaire.fr\/wp-content\/uploads\/2021\/09\/pao-CDN-\u00a9Lin-Delpierre-1-300x200.jpg\" class=\"attachment-medium size-medium\" alt=\"\" loading=\"lazy\" srcset=\"https:\/\/unebonnemassesolaire.fr\/wp-content\/uploads\/2021\/09\/pao-CDN-\u00a9Lin-Delpierre-1-300x200.jpg 300w, https:\/\/unebonnemassesolaire.fr\/wp-content\/uploads\/2021\/09\/pao-CDN-\u00a9Lin-Delpierre-1-768x511.jpg 768w, https:\/\/unebonnemassesolaire.fr\/wp-content\/uploads\/2021\/09\/pao-CDN-\u00a9Lin-Delpierre-1-738x491.jpg 738w, https:\/\/unebonnemassesolaire.fr\/wp-content\/uploads\/2021\/09\/pao-CDN-\u00a9Lin-Delpierre-1-996x662.jpg 996w, https:\/\/unebonnemassesolaire.fr\/wp-content\/uploads\/2021\/09\/pao-CDN-\u00a9Lin-Delpierre-1.jpg 1000w\" sizes=\"(max-width: 300px) 100vw, 300px\" \/><\/a>\n\t\t\t<\/div><\/figure><figure class='gallery-item'>\n\t\t\t<div class='gallery-icon landscape'>\n\t\t\t\t<a href='https:\/\/unebonnemassesolaire.fr\/?attachment_id=268'><img width=\"300\" height=\"170\" src=\"https:\/\/unebonnemassesolaire.fr\/wp-content\/uploads\/2020\/12\/Poligny3-300x170.jpg\" class=\"attachment-medium size-medium\" alt=\"\" loading=\"lazy\" srcset=\"https:\/\/unebonnemassesolaire.fr\/wp-content\/uploads\/2020\/12\/Poligny3-300x170.jpg 300w, https:\/\/unebonnemassesolaire.fr\/wp-content\/uploads\/2020\/12\/Poligny3-768x436.jpg 768w, https:\/\/unebonnemassesolaire.fr\/wp-content\/uploads\/2020\/12\/Poligny3-1024x581.jpg 1024w, https:\/\/unebonnemassesolaire.fr\/wp-content\/uploads\/2020\/12\/Poligny3-738x419.jpg 738w, https:\/\/unebonnemassesolaire.fr\/wp-content\/uploads\/2020\/12\/Poligny3-1458x828.jpg 1458w, https:\/\/unebonnemassesolaire.fr\/wp-content\/uploads\/2020\/12\/Poligny3-996x565.jpg 996w, https:\/\/unebonnemassesolaire.fr\/wp-content\/uploads\/2020\/12\/Poligny3.jpg 1920w\" sizes=\"(max-width: 300px) 100vw, 300px\" \/><\/a>\n\t\t\t<\/div><\/figure><figure class='gallery-item'>\n\t\t\t<div class='gallery-icon landscape'>\n\t\t\t\t<a href='https:\/\/unebonnemassesolaire.fr\/?attachment_id=374'><img width=\"300\" height=\"200\" src=\"https:\/\/unebonnemassesolaire.fr\/wp-content\/uploads\/2021\/09\/pao-CDN-\u00a9Lin-Delpierre-17-300x200.jpg\" class=\"attachment-medium size-medium\" alt=\"\" loading=\"lazy\" srcset=\"https:\/\/unebonnemassesolaire.fr\/wp-content\/uploads\/2021\/09\/pao-CDN-\u00a9Lin-Delpierre-17-300x200.jpg 300w, https:\/\/unebonnemassesolaire.fr\/wp-content\/uploads\/2021\/09\/pao-CDN-\u00a9Lin-Delpierre-17-768x512.jpg 768w, https:\/\/unebonnemassesolaire.fr\/wp-content\/uploads\/2021\/09\/pao-CDN-\u00a9Lin-Delpierre-17-738x492.jpg 738w, https:\/\/unebonnemassesolaire.fr\/wp-content\/uploads\/2021\/09\/pao-CDN-\u00a9Lin-Delpierre-17-996x664.jpg 996w, https:\/\/unebonnemassesolaire.fr\/wp-content\/uploads\/2021\/09\/pao-CDN-\u00a9Lin-Delpierre-17.jpg 1000w\" sizes=\"(max-width: 300px) 100vw, 300px\" \/><\/a>\n\t\t\t<\/div><\/figure>\n\t\t<\/div>\n\n","protected":false},"excerpt":{"rendered":"<p>A l\u2019automne 2020, le festival Entre cour et jardins, port\u00e9 par le Dancing\/CDCN de Dijon, a invit\u00e9 une bonne masse solaire \u00e0 travailler \u00e0 Salins-les-Bains, Poligny et Arbois, au c\u0153ur du Jura. Pour ces trois week-ends de festival, Ambre Lacroix et Kaspar Tainturier-Fink travaillent \u00e0 dessiner les programmes du festival et proposent des performances lors &#8230;<\/p>\n","protected":false},"author":1,"featured_media":1932,"comment_status":"closed","ping_status":"closed","template":"","meta":[],"portfolio-category":[6,20],"portfolio-tag":[],"_links":{"self":[{"href":"https:\/\/unebonnemassesolaire.fr\/index.php?rest_route=\/wp\/v2\/portfolio\/259"}],"collection":[{"href":"https:\/\/unebonnemassesolaire.fr\/index.php?rest_route=\/wp\/v2\/portfolio"}],"about":[{"href":"https:\/\/unebonnemassesolaire.fr\/index.php?rest_route=\/wp\/v2\/types\/portfolio"}],"author":[{"embeddable":true,"href":"https:\/\/unebonnemassesolaire.fr\/index.php?rest_route=\/wp\/v2\/users\/1"}],"replies":[{"embeddable":true,"href":"https:\/\/unebonnemassesolaire.fr\/index.php?rest_route=%2Fwp%2Fv2%2Fcomments&post=259"}],"version-history":[{"count":19,"href":"https:\/\/unebonnemassesolaire.fr\/index.php?rest_route=\/wp\/v2\/portfolio\/259\/revisions"}],"predecessor-version":[{"id":4188,"href":"https:\/\/unebonnemassesolaire.fr\/index.php?rest_route=\/wp\/v2\/portfolio\/259\/revisions\/4188"}],"wp:featuredmedia":[{"embeddable":true,"href":"https:\/\/unebonnemassesolaire.fr\/index.php?rest_route=\/wp\/v2\/media\/1932"}],"wp:attachment":[{"href":"https:\/\/unebonnemassesolaire.fr\/index.php?rest_route=%2Fwp%2Fv2%2Fmedia&parent=259"}],"wp:term":[{"taxonomy":"portfolio-category","embeddable":true,"href":"https:\/\/unebonnemassesolaire.fr\/index.php?rest_route=%2Fwp%2Fv2%2Fportfolio-category&post=259"},{"taxonomy":"portfolio-tag","embeddable":true,"href":"https:\/\/unebonnemassesolaire.fr\/index.php?rest_route=%2Fwp%2Fv2%2Fportfolio-tag&post=259"}],"curies":[{"name":"wp","href":"https:\/\/api.w.org\/{rel}","templated":true}]}}

<p><img class="size-medium wp-image-323 aligncenter" src="http://unebonnemassesolaire.fr/wp-content/uploads/2021/09/ubms-pao-besancon.jpg" alt="" width="700" srcset="https://unebonnemassesolaire.fr/wp-content/uploads/2021/09/ubms-pao-besancon.jpg 1920w, https://unebonnemassesolaire.fr/wp-content/uploads/2021/09/ubms-pao-besancon-300x200.jpg 300w, https://unebonnemassesolaire.fr/wp-content/uploads/2021/09/ubms-pao-besancon-768x512.jpg 768w, https://unebonnemassesolaire.fr/wp-content/uploads/2021/09/ubms-pao-besancon-1024x683.jpg 1024w, https://unebonnemassesolaire.fr/wp-content/uploads/2021/09/ubms-pao-besancon-738x492.jpg 738w, https://unebonnemassesolaire.fr/wp-content/uploads/2021/09/ubms-pao-besancon-1458x972.jpg 1458w, https://unebonnemassesolaire.fr/wp-content/uploads/2021/09/ubms-pao-besancon-996x664.jpg 996w" sizes="(max-width: 1920px) 100vw, 1920px" /></p>
<p><em>A l’automne 2020, le festival </em>Entre cour et jardins<em>, porté par le Dancing/CDCN de Dijon, a invité </em>une bonne masse solaire<em> à travailler à Salins-les-Bains, Poligny et Arbois, au cœur du Jura. Pour ces trois week-ends de festival, Ambre Lacroix et Kaspar Tainturier-Fink travaillent à dessiner les programmes du festival et proposent des performances lors de chaque week-end.</em></p>
<p>Nous travaillons avec les paysages, les faits et les histoires qui les façonnent ; nous travaillons avec la marche, les gestes et les parcours que nous traçons dans les paysages et les histoires. Et ici, nous travaillons à partir des hirondelles, de la divination et des lichens, de l’hydrographie, du conte et de la description, de la géologie calcaire et de l’amnésie écologique, de la fatigue, de la production, et des gestes. Nous voulons être durant ce mois de résidence deux invités de passages, au contact des mouvements du paysage, traversant et traversés par les rythmes et les motifs qui composent le Jura. A partir de nos relevés et de nos observations, d’entretiens et d’expérimentations, nous construisons des performances comme des tentatives de restituer ces mouvements du monde : trois moments de récits, entre art et observation naturaliste, entre conte et description, entre fiction et immersion dans le paysage.</p>
<p><em>Performance, avec objet</em> est un objet fait pour recueillir des récits et des histoires, une cartographie ouverte destinée à être manipulée. Le réseau hydrographique du Jura &#8211; rivières, lac, ruisseaux, canaux &#8211; est brodé au long des trois semaines de résidence sur un drap. Reparcourant cette carte souple, nous décrivons le paysage à partir de ces lignes et de celles, invisibles, qui l&rsquo;ont créé et le trame.</p>
<p>Avec : Ambre Lacroix &amp; Kaspar Tainturier-Fink<br />
Production : Le Dancing/CDCN de Dijon, Les 2 Scènes/Scène Nationale de Besançon et le soutien de la DRAC Bourgogne-Franche-Comté.<br />
Remerciements : le Dancing et les bénévoles du spectacle Entre cour et jardins, Valentin Kottelat, Michel Campy, Pascal Collin &amp; les Claquets.</p>
<p><a href="http://unebonnemassesolaire.fr/wp-content/uploads/2023/03/DA-performance-avec-objet.pdf">Dossier artistique <em>performance, avec objet</em></a></p>
<p>Cette résidence et les performances du festival font partie du cycle <em>recommencer &amp; parcourir &amp; tresser &amp; tendre &amp; recueillir &amp; disposer &amp; tendre &amp; animer &amp; recommencer</em>.</p>
<p><em>Crédit photos CDN de Besançon : © Lin Delpierre</em></p>
<div id='gallery-1' class='gallery galleryid-259 gallery-columns-3 gallery-size-medium'><figure class='gallery-item'>
			<div class='gallery-icon landscape'>
				<a href='https://unebonnemassesolaire.fr/?attachment_id=372'><img width="300" height="200" src="https://unebonnemassesolaire.fr/wp-content/uploads/2021/09/pao-CDN-©Lin-Delpierre-1-300x200.jpg" class="attachment-medium size-medium" alt="" loading="lazy" srcset="https://unebonnemassesolaire.fr/wp-content/uploads/2021/09/pao-CDN-©Lin-Delpierre-1-300x200.jpg 300w, https://unebonnemassesolaire.fr/wp-content/uploads/2021/09/pao-CDN-©Lin-Delpierre-1-768x511.jpg 768w, https://unebonnemassesolaire.fr/wp-content/uploads/2021/09/pao-CDN-©Lin-Delpierre-1-738x491.jpg 738w, https://unebonnemassesolaire.fr/wp-content/uploads/2021/09/pao-CDN-©Lin-Delpierre-1-996x662.jpg 996w, https://unebonnemassesolaire.fr/wp-content/uploads/2021/09/pao-CDN-©Lin-Delpierre-1.jpg 1000w" sizes="(max-width: 300px) 100vw, 300px" /></a>
			</div></figure><figure class='gallery-item'>
			<div class='gallery-icon landscape'>
				<a href='https://unebonnemassesolaire.fr/?attachment_id=268'><img width="300" height="170" src="https://unebonnemassesolaire.fr/wp-content/uploads/2020/12/Poligny3-300x170.jpg" class="attachment-medium size-medium" alt="" loading="lazy" srcset="https://unebonnemassesolaire.fr/wp-content/uploads/2020/12/Poligny3-300x170.jpg 300w, https://unebonnemassesolaire.fr/wp-content/uploads/2020/12/Poligny3-768x436.jpg 768w, https://unebonnemassesolaire.fr/wp-content/uploads/2020/12/Poligny3-1024x581.jpg 1024w, https://unebonnemassesolaire.fr/wp-content/uploads/2020/12/Poligny3-738x419.jpg 738w, https://unebonnemassesolaire.fr/wp-content/uploads/2020/12/Poligny3-1458x828.jpg 1458w, https://unebonnemassesolaire.fr/wp-content/uploads/2020/12/Poligny3-996x565.jpg 996w, https://unebonnemassesolaire.fr/wp-content/uploads/2020/12/Poligny3.jpg 1920w" sizes="(max-width: 300px) 100vw, 300px" /></a>
			</div></figure><figure class='gallery-item'>
			<div class='gallery-icon landscape'>
				<a href='https://unebonnemassesolaire.fr/?attachment_id=374'><img width="300" height="200" src="https://unebonnemassesolaire.fr/wp-content/uploads/2021/09/pao-CDN-©Lin-Delpierre-17-300x200.jpg" class="attachment-medium size-medium" alt="" loading="lazy" srcset="https://unebonnemassesolaire.fr/wp-content/uploads/2021/09/pao-CDN-©Lin-Delpierre-17-300x200.jpg 300w, https://unebonnemassesolaire.fr/wp-content/uploads/2021/09/pao-CDN-©Lin-Delpierre-17-768x512.jpg 768w, https://unebonnemassesolaire.fr/wp-content/uploads/2021/09/pao-CDN-©Lin-Delpierre-17-738x492.jpg 738w, https://unebonnemassesolaire.fr/wp-content/uploads/2021/09/pao-CDN-©Lin-Delpierre-17-996x664.jpg 996w, https://unebonnemassesolaire.fr/wp-content/uploads/2021/09/pao-CDN-©Lin-Delpierre-17.jpg 1000w" sizes="(max-width: 300px) 100vw, 300px" /></a>
			</div></figure>
		</div>

<p>A l’automne 2020, le festival Entre cour et jardins, porté par le Dancing/CDCN de Dijon, a invité une bonne masse solaire à travailler à Salins-les-Bains, Poligny et Arbois, au cœur du Jura. Pour ces trois week-ends de festival, Ambre Lacroix et Kaspar Tainturier-Fink travaillent à dessiner les programmes du festival et proposent des performances lors &#8230;</p>
