{"id":97,"date":"2018-10-01T11:31:12","date_gmt":"2018-10-01T09:31:12","guid":{"rendered":"http:\/\/unebonnemassesolaire.fr\/?post_type=portfolio&#038;p=97"},"modified":"2021-10-17T21:49:55","modified_gmt":"2021-10-17T19:49:55","slug":"les-indiens","status":"publish","type":"portfolio","link":"https:\/\/unebonnemassesolaire.fr\/?portfolio=les-indiens","title":{"rendered":"les indiens"},"content":{"rendered":"<p><img loading=\"lazy\" class=\"alignnone size-large wp-image-104\" src=\"http:\/\/unebonnemassesolaire.fr\/wp-content\/uploads\/2018\/10\/Les-indiens-de-Bertrik-4-sur-7-1024x683.jpg\" alt=\"\" width=\"1024\" height=\"683\" srcset=\"https:\/\/unebonnemassesolaire.fr\/wp-content\/uploads\/2018\/10\/Les-indiens-de-Bertrik-4-sur-7-1024x683.jpg 1024w, https:\/\/unebonnemassesolaire.fr\/wp-content\/uploads\/2018\/10\/Les-indiens-de-Bertrik-4-sur-7-300x200.jpg 300w, https:\/\/unebonnemassesolaire.fr\/wp-content\/uploads\/2018\/10\/Les-indiens-de-Bertrik-4-sur-7-768x512.jpg 768w, https:\/\/unebonnemassesolaire.fr\/wp-content\/uploads\/2018\/10\/Les-indiens-de-Bertrik-4-sur-7-738x492.jpg 738w, https:\/\/unebonnemassesolaire.fr\/wp-content\/uploads\/2018\/10\/Les-indiens-de-Bertrik-4-sur-7-1458x972.jpg 1458w, https:\/\/unebonnemassesolaire.fr\/wp-content\/uploads\/2018\/10\/Les-indiens-de-Bertrik-4-sur-7-996x664.jpg 996w, https:\/\/unebonnemassesolaire.fr\/wp-content\/uploads\/2018\/10\/Les-indiens-de-Bertrik-4-sur-7-1992x1328.jpg 1992w\" sizes=\"(max-width: 1024px) 100vw, 1024px\" \/><\/p>\n<p><em>Actoral, Marseille, les 28 et 29 septembre 2018<\/em><\/p>\n<p>Les indiens, c\u2019est un road movie qui va du Mexique au Qu\u00e9bec en passant par les Etats-Unis. C\u2019est une interrogation sur notre rapport \u00e0 l\u2019authenticit\u00e9.<br \/>\nBien s\u00fbr on ne dit plus les indiens.<br \/>\nMais on dit ici les indiens.<br \/>\nParce que dans l\u2019indien se fracasse l\u2019imaginaire, l\u2019Inde jamais trouv\u00e9e, le corps nu d\u00e9ploy\u00e9 au bord du St-Laurent et la parure de plumes. L\u2019indien frappe nos oublis, nos omissions et nos d\u00e9sirs.<br \/>\nEt l\u00e0 dans ce voyage insoumis, o\u00f9 la langue cherche un chemin, les questions secouent nos t\u00eates. Territoire. Langage. Identit\u00e9.<br \/>\nEt puis le territoire am\u00e9ricain fait place au territoire fran\u00e7ais. A la for\u00eat. La ferme de Bertrik.<br \/>\nC\u2019est l\u00e0 que l\u2019on s\u2019empare du texte.<br \/>\nAu milieu des bois.<br \/>\nDans le soleil, la pluie et le vent.<br \/>\nAvec juste nos corps et nos voix.<br \/>\nSur un plateau \u00e0 l\u2019\u00e9chelle d\u2019une vall\u00e9e.<br \/>\nTirant de nouvelles fl\u00e8ches,<br \/>\nmarchant le long d\u2019une ligne fragile o\u00f9 la rencontre peut advenir<\/p>\n<p>Julie Gilbert auteure franco-suisse, ayant grandi au Mexique, \u00e9crit pour le cin\u00e9ma et le th\u00e9\u00e2tre, des textes et des sc\u00e9narios travers\u00e9s par la question de l\u2019exil et de l\u2019identit\u00e9. Elle r\u00e9alise aussi des performances interrogeant notamment la place des femmes dans la soci\u00e9t\u00e9.<\/p>\n<p><em>Les indiens<\/em><br \/>\nUn texte de Julie Gilbert<br \/>\nune bonne masse solaire<br \/>\nAvec : Marianne Deshayes<br \/>\nMise en sc\u00e8ne : Kaspar Tainturier Fink<br \/>\nCr\u00e9ation lumi\u00e8re et vid\u00e9o : Elias Farkli<br \/>\nCr\u00e9ation son : Kaspar Tainturier Fink<\/p>\n<p>Production d\u00e9l\u00e9gu\u00e9e : Actoral\/Marseille<br \/>\nRemerciements : la Ferme de Bertrik, Yoann Thubin, la Soci\u00e9t\u00e9 de Distribution du Sensible, l\u2019Eco-mus\u00e9e de la Roudoule, la commune de Puget-Rostang.<\/p>\n<p>liens : <a href=\"http:\/\/www.actoral.org\/agenda\/odm-2\">actoral<\/a><\/p>\n<div id='gallery-1' class='gallery galleryid-97 gallery-columns-3 gallery-size-medium'><figure class='gallery-item'>\n\t\t\t<div class='gallery-icon landscape'>\n\t\t\t\t<a href='https:\/\/unebonnemassesolaire.fr\/?attachment_id=138'><img width=\"300\" height=\"200\" src=\"https:\/\/unebonnemassesolaire.fr\/wp-content\/uploads\/2018\/10\/les-indiens_marianne2-1-sur-1-300x200.jpg\" class=\"attachment-medium size-medium\" alt=\"\" loading=\"lazy\" srcset=\"https:\/\/unebonnemassesolaire.fr\/wp-content\/uploads\/2018\/10\/les-indiens_marianne2-1-sur-1-300x200.jpg 300w, https:\/\/unebonnemassesolaire.fr\/wp-content\/uploads\/2018\/10\/les-indiens_marianne2-1-sur-1-768x512.jpg 768w, https:\/\/unebonnemassesolaire.fr\/wp-content\/uploads\/2018\/10\/les-indiens_marianne2-1-sur-1-1024x683.jpg 1024w, https:\/\/unebonnemassesolaire.fr\/wp-content\/uploads\/2018\/10\/les-indiens_marianne2-1-sur-1-738x492.jpg 738w, https:\/\/unebonnemassesolaire.fr\/wp-content\/uploads\/2018\/10\/les-indiens_marianne2-1-sur-1-1458x972.jpg 1458w, https:\/\/unebonnemassesolaire.fr\/wp-content\/uploads\/2018\/10\/les-indiens_marianne2-1-sur-1-996x664.jpg 996w, https:\/\/unebonnemassesolaire.fr\/wp-content\/uploads\/2018\/10\/les-indiens_marianne2-1-sur-1-1992x1328.jpg 1992w\" sizes=\"(max-width: 300px) 100vw, 300px\" \/><\/a>\n\t\t\t<\/div><\/figure><figure class='gallery-item'>\n\t\t\t<div class='gallery-icon portrait'>\n\t\t\t\t<a href='https:\/\/unebonnemassesolaire.fr\/?attachment_id=142'><img width=\"225\" height=\"300\" src=\"https:\/\/unebonnemassesolaire.fr\/wp-content\/uploads\/2018\/10\/lesindiens_affichejuliettelamas-1-sur-1-225x300.jpg\" class=\"attachment-medium size-medium\" alt=\"\" loading=\"lazy\" srcset=\"https:\/\/unebonnemassesolaire.fr\/wp-content\/uploads\/2018\/10\/lesindiens_affichejuliettelamas-1-sur-1-225x300.jpg 225w, https:\/\/unebonnemassesolaire.fr\/wp-content\/uploads\/2018\/10\/lesindiens_affichejuliettelamas-1-sur-1-768x1024.jpg 768w, https:\/\/unebonnemassesolaire.fr\/wp-content\/uploads\/2018\/10\/lesindiens_affichejuliettelamas-1-sur-1-738x984.jpg 738w, https:\/\/unebonnemassesolaire.fr\/wp-content\/uploads\/2018\/10\/lesindiens_affichejuliettelamas-1-sur-1-1458x1944.jpg 1458w, https:\/\/unebonnemassesolaire.fr\/wp-content\/uploads\/2018\/10\/lesindiens_affichejuliettelamas-1-sur-1-996x1328.jpg 996w, https:\/\/unebonnemassesolaire.fr\/wp-content\/uploads\/2018\/10\/lesindiens_affichejuliettelamas-1-sur-1-1992x2656.jpg 1992w\" sizes=\"(max-width: 225px) 100vw, 225px\" \/><\/a>\n\t\t\t<\/div><\/figure><figure class='gallery-item'>\n\t\t\t<div class='gallery-icon landscape'>\n\t\t\t\t<a href='https:\/\/unebonnemassesolaire.fr\/?attachment_id=112'><img width=\"300\" height=\"200\" src=\"https:\/\/unebonnemassesolaire.fr\/wp-content\/uploads\/2018\/10\/Les-indiens-de-Bertrik-6-sur-7-300x200.jpg\" class=\"attachment-medium size-medium\" alt=\"\" loading=\"lazy\" srcset=\"https:\/\/unebonnemassesolaire.fr\/wp-content\/uploads\/2018\/10\/Les-indiens-de-Bertrik-6-sur-7-300x200.jpg 300w, https:\/\/unebonnemassesolaire.fr\/wp-content\/uploads\/2018\/10\/Les-indiens-de-Bertrik-6-sur-7-768x512.jpg 768w, https:\/\/unebonnemassesolaire.fr\/wp-content\/uploads\/2018\/10\/Les-indiens-de-Bertrik-6-sur-7-1024x683.jpg 1024w, https:\/\/unebonnemassesolaire.fr\/wp-content\/uploads\/2018\/10\/Les-indiens-de-Bertrik-6-sur-7-738x492.jpg 738w, https:\/\/unebonnemassesolaire.fr\/wp-content\/uploads\/2018\/10\/Les-indiens-de-Bertrik-6-sur-7-1458x972.jpg 1458w, https:\/\/unebonnemassesolaire.fr\/wp-content\/uploads\/2018\/10\/Les-indiens-de-Bertrik-6-sur-7-996x664.jpg 996w, https:\/\/unebonnemassesolaire.fr\/wp-content\/uploads\/2018\/10\/Les-indiens-de-Bertrik-6-sur-7-1992x1328.jpg 1992w\" sizes=\"(max-width: 300px) 100vw, 300px\" \/><\/a>\n\t\t\t<\/div><\/figure>\n\t\t<\/div>\n\n","protected":false},"excerpt":{"rendered":"<p>Actoral, Marseille, les 28 et 29 septembre 2018 Les indiens, c\u2019est un road movie qui va du Mexique au Qu\u00e9bec en passant par les Etats-Unis. C\u2019est une interrogation sur notre rapport \u00e0 l\u2019authenticit\u00e9. Bien s\u00fbr on ne dit plus les indiens. Mais on dit ici les indiens. Parce que dans l\u2019indien se fracasse l\u2019imaginaire, l\u2019Inde &#8230;<\/p>\n","protected":false},"author":1,"featured_media":383,"comment_status":"closed","ping_status":"closed","template":"","meta":[],"portfolio-category":[6],"portfolio-tag":[13,9,12],"_links":{"self":[{"href":"https:\/\/unebonnemassesolaire.fr\/index.php?rest_route=\/wp\/v2\/portfolio\/97"}],"collection":[{"href":"https:\/\/unebonnemassesolaire.fr\/index.php?rest_route=\/wp\/v2\/portfolio"}],"about":[{"href":"https:\/\/unebonnemassesolaire.fr\/index.php?rest_route=\/wp\/v2\/types\/portfolio"}],"author":[{"embeddable":true,"href":"https:\/\/unebonnemassesolaire.fr\/index.php?rest_route=\/wp\/v2\/users\/1"}],"replies":[{"embeddable":true,"href":"https:\/\/unebonnemassesolaire.fr\/index.php?rest_route=%2Fwp%2Fv2%2Fcomments&post=97"}],"version-history":[{"count":8,"href":"https:\/\/unebonnemassesolaire.fr\/index.php?rest_route=\/wp\/v2\/portfolio\/97\/revisions"}],"predecessor-version":[{"id":388,"href":"https:\/\/unebonnemassesolaire.fr\/index.php?rest_route=\/wp\/v2\/portfolio\/97\/revisions\/388"}],"wp:featuredmedia":[{"embeddable":true,"href":"https:\/\/unebonnemassesolaire.fr\/index.php?rest_route=\/wp\/v2\/media\/383"}],"wp:attachment":[{"href":"https:\/\/unebonnemassesolaire.fr\/index.php?rest_route=%2Fwp%2Fv2%2Fmedia&parent=97"}],"wp:term":[{"taxonomy":"portfolio-category","embeddable":true,"href":"https:\/\/unebonnemassesolaire.fr\/index.php?rest_route=%2Fwp%2Fv2%2Fportfolio-category&post=97"},{"taxonomy":"portfolio-tag","embeddable":true,"href":"https:\/\/unebonnemassesolaire.fr\/index.php?rest_route=%2Fwp%2Fv2%2Fportfolio-tag&post=97"}],"curies":[{"name":"wp","href":"https:\/\/api.w.org\/{rel}","templated":true}]}}

<p><img loading="lazy" class="alignnone size-large wp-image-104" src="http://unebonnemassesolaire.fr/wp-content/uploads/2018/10/Les-indiens-de-Bertrik-4-sur-7-1024x683.jpg" alt="" width="1024" height="683" srcset="https://unebonnemassesolaire.fr/wp-content/uploads/2018/10/Les-indiens-de-Bertrik-4-sur-7-1024x683.jpg 1024w, https://unebonnemassesolaire.fr/wp-content/uploads/2018/10/Les-indiens-de-Bertrik-4-sur-7-300x200.jpg 300w, https://unebonnemassesolaire.fr/wp-content/uploads/2018/10/Les-indiens-de-Bertrik-4-sur-7-768x512.jpg 768w, https://unebonnemassesolaire.fr/wp-content/uploads/2018/10/Les-indiens-de-Bertrik-4-sur-7-738x492.jpg 738w, https://unebonnemassesolaire.fr/wp-content/uploads/2018/10/Les-indiens-de-Bertrik-4-sur-7-1458x972.jpg 1458w, https://unebonnemassesolaire.fr/wp-content/uploads/2018/10/Les-indiens-de-Bertrik-4-sur-7-996x664.jpg 996w, https://unebonnemassesolaire.fr/wp-content/uploads/2018/10/Les-indiens-de-Bertrik-4-sur-7-1992x1328.jpg 1992w" sizes="(max-width: 1024px) 100vw, 1024px" /></p>
<p><em>Actoral, Marseille, les 28 et 29 septembre 2018</em></p>
<p>Les indiens, c’est un road movie qui va du Mexique au Québec en passant par les Etats-Unis. C’est une interrogation sur notre rapport à l’authenticité.<br />
Bien sûr on ne dit plus les indiens.<br />
Mais on dit ici les indiens.<br />
Parce que dans l’indien se fracasse l’imaginaire, l’Inde jamais trouvée, le corps nu déployé au bord du St-Laurent et la parure de plumes. L’indien frappe nos oublis, nos omissions et nos désirs.<br />
Et là dans ce voyage insoumis, où la langue cherche un chemin, les questions secouent nos têtes. Territoire. Langage. Identité.<br />
Et puis le territoire américain fait place au territoire français. A la forêt. La ferme de Bertrik.<br />
C’est là que l’on s’empare du texte.<br />
Au milieu des bois.<br />
Dans le soleil, la pluie et le vent.<br />
Avec juste nos corps et nos voix.<br />
Sur un plateau à l’échelle d’une vallée.<br />
Tirant de nouvelles flèches,<br />
marchant le long d’une ligne fragile où la rencontre peut advenir</p>
<p>Julie Gilbert auteure franco-suisse, ayant grandi au Mexique, écrit pour le cinéma et le théâtre, des textes et des scénarios traversés par la question de l’exil et de l’identité. Elle réalise aussi des performances interrogeant notamment la place des femmes dans la société.</p>
<p><em>Les indiens</em><br />
Un texte de Julie Gilbert<br />
une bonne masse solaire<br />
Avec : Marianne Deshayes<br />
Mise en scène : Kaspar Tainturier Fink<br />
Création lumière et vidéo : Elias Farkli<br />
Création son : Kaspar Tainturier Fink</p>
<p>Production déléguée : Actoral/Marseille<br />
Remerciements : la Ferme de Bertrik, Yoann Thubin, la Société de Distribution du Sensible, l’Eco-musée de la Roudoule, la commune de Puget-Rostang.</p>
<p>liens : <a href="http://www.actoral.org/agenda/odm-2">actoral</a></p>
<div id='gallery-1' class='gallery galleryid-97 gallery-columns-3 gallery-size-medium'><figure class='gallery-item'>
			<div class='gallery-icon landscape'>
				<a href='https://unebonnemassesolaire.fr/?attachment_id=138'><img width="300" height="200" src="https://unebonnemassesolaire.fr/wp-content/uploads/2018/10/les-indiens_marianne2-1-sur-1-300x200.jpg" class="attachment-medium size-medium" alt="" loading="lazy" srcset="https://unebonnemassesolaire.fr/wp-content/uploads/2018/10/les-indiens_marianne2-1-sur-1-300x200.jpg 300w, https://unebonnemassesolaire.fr/wp-content/uploads/2018/10/les-indiens_marianne2-1-sur-1-768x512.jpg 768w, https://unebonnemassesolaire.fr/wp-content/uploads/2018/10/les-indiens_marianne2-1-sur-1-1024x683.jpg 1024w, https://unebonnemassesolaire.fr/wp-content/uploads/2018/10/les-indiens_marianne2-1-sur-1-738x492.jpg 738w, https://unebonnemassesolaire.fr/wp-content/uploads/2018/10/les-indiens_marianne2-1-sur-1-1458x972.jpg 1458w, https://unebonnemassesolaire.fr/wp-content/uploads/2018/10/les-indiens_marianne2-1-sur-1-996x664.jpg 996w, https://unebonnemassesolaire.fr/wp-content/uploads/2018/10/les-indiens_marianne2-1-sur-1-1992x1328.jpg 1992w" sizes="(max-width: 300px) 100vw, 300px" /></a>
			</div></figure><figure class='gallery-item'>
			<div class='gallery-icon portrait'>
				<a href='https://unebonnemassesolaire.fr/?attachment_id=142'><img width="225" height="300" src="https://unebonnemassesolaire.fr/wp-content/uploads/2018/10/lesindiens_affichejuliettelamas-1-sur-1-225x300.jpg" class="attachment-medium size-medium" alt="" loading="lazy" srcset="https://unebonnemassesolaire.fr/wp-content/uploads/2018/10/lesindiens_affichejuliettelamas-1-sur-1-225x300.jpg 225w, https://unebonnemassesolaire.fr/wp-content/uploads/2018/10/lesindiens_affichejuliettelamas-1-sur-1-768x1024.jpg 768w, https://unebonnemassesolaire.fr/wp-content/uploads/2018/10/lesindiens_affichejuliettelamas-1-sur-1-738x984.jpg 738w, https://unebonnemassesolaire.fr/wp-content/uploads/2018/10/lesindiens_affichejuliettelamas-1-sur-1-1458x1944.jpg 1458w, https://unebonnemassesolaire.fr/wp-content/uploads/2018/10/lesindiens_affichejuliettelamas-1-sur-1-996x1328.jpg 996w, https://unebonnemassesolaire.fr/wp-content/uploads/2018/10/lesindiens_affichejuliettelamas-1-sur-1-1992x2656.jpg 1992w" sizes="(max-width: 225px) 100vw, 225px" /></a>
			</div></figure><figure class='gallery-item'>
			<div class='gallery-icon landscape'>
				<a href='https://unebonnemassesolaire.fr/?attachment_id=112'><img width="300" height="200" src="https://unebonnemassesolaire.fr/wp-content/uploads/2018/10/Les-indiens-de-Bertrik-6-sur-7-300x200.jpg" class="attachment-medium size-medium" alt="" loading="lazy" srcset="https://unebonnemassesolaire.fr/wp-content/uploads/2018/10/Les-indiens-de-Bertrik-6-sur-7-300x200.jpg 300w, https://unebonnemassesolaire.fr/wp-content/uploads/2018/10/Les-indiens-de-Bertrik-6-sur-7-768x512.jpg 768w, https://unebonnemassesolaire.fr/wp-content/uploads/2018/10/Les-indiens-de-Bertrik-6-sur-7-1024x683.jpg 1024w, https://unebonnemassesolaire.fr/wp-content/uploads/2018/10/Les-indiens-de-Bertrik-6-sur-7-738x492.jpg 738w, https://unebonnemassesolaire.fr/wp-content/uploads/2018/10/Les-indiens-de-Bertrik-6-sur-7-1458x972.jpg 1458w, https://unebonnemassesolaire.fr/wp-content/uploads/2018/10/Les-indiens-de-Bertrik-6-sur-7-996x664.jpg 996w, https://unebonnemassesolaire.fr/wp-content/uploads/2018/10/Les-indiens-de-Bertrik-6-sur-7-1992x1328.jpg 1992w" sizes="(max-width: 300px) 100vw, 300px" /></a>
			</div></figure>
		</div>

<p>Actoral, Marseille, les 28 et 29 septembre 2018 Les indiens, c’est un road movie qui va du Mexique au Québec en passant par les Etats-Unis. C’est une interrogation sur notre rapport à l’authenticité. Bien sûr on ne dit plus les indiens. Mais on dit ici les indiens. Parce que dans l’indien se fracasse l’imaginaire, l’Inde &#8230;</p>
